8215732?
1
What is the hundreds digit of 579420461?
4
What is the hundred thousands digit of 877738225?
7
What is the units digit of 240535508?
8
What is the ten thousands digit of 39649807?
4
What is the tens digit of 525870952?
5
What is the hundreds digit of 474792245?
2
What is the units digit of 14639612?
2
What is the units digit of 25021211?
1
What is the hundred thousands digit of 59325752?
3
What is the units digit of 81685074?
4
What is the ten millions digit of 1029938008?
2
What is the billions digit of 3087435442?
3
What is the ten millions digit of 6730531717?
3
What is the hundred thousands digit of 202740700?
7
What is the thousands digit of 1541670514?
0
What is the tens digit of 187990309?
0
What is the hundred thousands digit of 2428500692?
5
What is the millions digit of 2643728072?
3
What is the tens digit of 1887799528?
2
What is the billions digit of 9305244965?
9
What is the ten thousands digit of 2485348627?
4
What is the tens digit of 81047348?
4
What is the tens digit of 10142551?
5
What is the ten millions digit of 18803256?
1
What is the units digit of 932635764?
4
What is the thousands digit of 1343467473?
7
What is the thousands digit of 4061496217?
6
What is the hundred thousands digit of 8426337663?
3
What is the hundred millions digit of 573114187?
5
What is the hundred thousands digit of 142850133?
8
What is the millions digit of 204287083?
4
What is the millions digit of 336498024?
6
What is the ten millions digit of 467272542?
6
What is the units digit of 54180974?
4
What is the ten millions digit of 301452659?
0
What is the ten thousands digit of 30161953?
6
What is the ten thousands digit of 5332735371?
3
What is the hundred millions digit of 320434145?
3
What is the hundred millions digit of 485042940?
4
What is the tens digit of 183627650?
5
What is the millions digit of 202630801?
2
What is the hundreds digit of 205251096?
0
What is the units digit of 8812225?
5
What is the ten millions digit of 141026610?
4
What is the hundreds digit of 67282302?
3
What is the ten thousands digit of 2505891310?
9
What is the hundred millions digit of 264391895?
2
What is the hundreds digit of 108767633?
6
What is the tens digit of 77765238?
3
What is the hundred thousands digit of 744162472?
1
What is the thousands digit of 123338555?
8
What is the thousands digit of 55231481?
1
What is the millions digit of 233340546?
3
What is the ten thousands digit of 888537192?
3
What is the thousands digit of 9643356?
3
What is the hundred thousands digit of 750991068?
9
What is the units digit of 41703342?
2
What is the thousands digit of 816736?
6
What is the hundred thousands digit of 14860663?
8
What is the millions digit of 3514210155?
4
What is the hundred thousands digit of 339718084?
7
What is the tens digit of 4840897612?
1
What is the ten millions digit of 130792165?
3
What is the units digit of 201096488?
8
What is the ten millions digit of 61176310?
6
What is the hundred thousands digit of 133939461?
9
What is the units digit of 541022586?
6
What is the hundreds digit of 74914905?
9
What is the hundreds digit of 42662825?
8
What is the thousands digit of 84458335?
8
What is the millions digit of 425145752?
5
What is the ten millions digit of 944288705?
4
What is the hundreds digit of 1082676861?
8
What is the ten thousands digit of 38710658?
1
What is the units digit of 1167578645?
5
What is the thousands digit of 3204395727?
5
What is the hundreds digit of 749927272?
2
What is the thousands digit of 4805699212?
9
What is the tens digit of 5676817366?
6
What is the hundred thousands digit of 3773194794?
1
What is the ten thousands digit of 922486561?
8
What is the units digit of 55890720?
0
What is the billions digit of 6399410312?
6
What is the ten millions digit of 275401841?
7
What is the billions digit of 6227742068?
6
What is the hundreds digit of 8555530149?
1
What is the hundred thousands digit of 34106667?
1
What is the hundred thousands digit of 22358686?
3
What is the hundreds digit of 707739541?
5
What is the units digit of 24622342?
2
What is the hundred millions digit of 1523015570?
5
What is the thousands digit of 3635672495?
2
What is the hundreds digit of 1377091917?
9
What is the ten millions digit of 61339354?
6
What is the units digit of 343679905?
5
What is the ten millions digit of 44808751?
4
What is the units digit of 5992367057?
7
What is the thousands digit of 2752498259?
8
What is the ten thousands digit of 754896345?
9
What is the thousands digit of 93688272?
8
What is the ten thousands digit of 75223433?
2
What is the thousands digit of 20603259?
3
What is the thousands digit of 8294973?
4
What is the tens digit of 4809612466?
6
What is the millions digit of 43801035?
3
What is the millions digit of 45974350?
5
What is the tens digit of 59813885?
8
What is the ten thousands digit of 3221102?
2
What is the ten millions digit of 869832166?
6
What is the thousands digit of 88961407?
1
What is the ten millions digit of 2869322575?
6
What is the millions digit of 58489940?
8
What is the hundreds digit of 742779008?
0
What is the ten millions digit of 994980822?
9
What is the ten thousands digit of 276242217?
4
What is the units digit of 2029526099?
9
What is the ten thousands digit of 2038107057?
0
What is the millions digit of 166822033?
6
What is the millions digit of 22714370?
2
What is the hundred thousands digit of 826748014?
7
What is the thousands digit of 154507647?
7
What is the hundred thousands digit of 3156780205?
7
What is the thousands digit of 59279941?
9
What is the tens digit of 54800238?
3
What is the thousands digit of 28942736?
2
What is the ten millions digit of 754370239?
5
What is the hundred thousands digit of 106334858?
3
What is the tens digit of 71514586?
8
What is the ten millions digit of 174798236?
7
What is the hundreds digit of 108718349?
3
What is the thousands digit of 304654802?
4
What is the units digit of 750094413?
3
What is the hundred thousands digit of 5853458?
8
What is the tens digit of 262246326?
2
What is the hundred thousands digit of 25151314?
1
What is the tens digit of 1441388651?
5
What is the hundred millions digit of 4292412793?
2
What is the tens digit of 66995376?
7
What is the ten millions digit of 28157341?
2
What is the tens digit of 14514624?
2
What is the hundred thousands digit of 74305724?
3
What is the units digit of 35435322?
2
What is the ten thousands digit of 11625423?
2
What is the tens digit of 6731603514?
1
What is the thousands digit of 66019324?
9
What is the hundreds digit of 405075449?
4
What is the hundred millions digit of 1772327208?
7
What is the ten thousands digit of 805060126?
6
What is the ten millions digit of 1212142050?
1
What is the millions digit of 1020060115?
0
What is the hundred millions digit of 4338120361?
3
What is the millions digit of 130998263?
0
What is the thousands digit of 1693315863?
5
What is the millions digit of 5006446186?
6
What is the ten millions digit of 106930173?
0
What is the hundred thousands digit of 23272845?
2
What is the ten millions digit of 417242234?
1
What is the units digit of 59008742?
2
What is the hundred thousands digit of 54128033?
1
What is the ten thousands digit of 315226949?
2
What is the units digit of 428500178?
8
What is the units digit of 62560409?
9
What is the millions digit of 67750547?
7
What is the hundred thousands digit of 3399341?
3
What is the thousands digit of 291260456?
0
What is the tens digit of 3706051905?
0
What is the thousands digit of 306466?
6
What is the millions digit of 47252319?
7
What is the hundreds digit of 166272838?
8
What is the hundred thousands digit of 70505530?
5
What is the hundred millions digit of 461343355?
4
What is the units digit of 929310914?
4
What is the ten thousands digit of 47021891?
2
What is the millions digit of 47743007?
7
What is the units digit of 657206062?
2
What is the ten thousands digit of 2215862014?
6
What is the hundred thousands digit of 12679469?
6
What is the ten millions digit of 116467444?
1
What is the ten millions digit of 99616454?
9
What is the hundreds digit of 652948328?
3
What is the millions digit of 45340926?
5
What is the ten thousands digit of 433910186?
1
What is the ten thousands